Let g(y) = h(y) + 5*n(y). What is the remainder when 16 is divided by g(1)?
4
Suppose -3*h + 55 = -5*q + 273, 2 = -q. Let b = h - -109. Calculate the remainder when b is divided by 18.
15
Let c be (484/66)/(4/6). Suppose n - c = 15. Calculate the remainder when n is divided by 7.
5
Let s(v) = -7*v - 30. What is the remainder when s(-11) is divided by 12?
11
Suppose -4*t - 4 = -344. Calculate the remainder when t is divided by 15.
10
Suppose 5*f - m + 3*m = 10, 2*m - 2 = -3*f. Suppose f*j - 3*v = 101, 0*v = -2*j - 4*v + 34. Let p = j - 6. Calculate the remainder when 33 is divided by p.
16
Let r(j) = j**2 - 3*j + 6. Calculate the remainder when 38 is divided by r(4).
8
Calculate the remainder when (0 - (-3 - 1)) + 1840/20 is divided by 11.
8
Let w(n) = n**3 + 7*n**2 - 6*n + 5. Calculate the remainder when w(-7) is divided by 16.
15
Suppose 0 = 2*w - 5*p - 13, -4*w = -2*p - 13 - 5. Suppose 0 = -w*b + 34 + 18. What is the remainder when b is divided by 5?
3
Suppose 0 = -5*q - 268 + 1328. Suppose 4*l - q = 5*p, -3*l - p + 121 + 38 = 0. What is the remainder when l is divided by 28?
25
Let a(v) = v**3 + 10*v**2 + 10*v - 10. Let m be a(-8). Suppose -15 = -3*k, -3*o - k - 6 = -m. Calculate the remainder when 16 is divided by o.
7
Calculate the remainder when -1*(-4)/((-16)/(-76)) is divided by 10.
9
Let m = -15 - -21. Suppose -m*t - 16 = -10*t. Let x = 0 + 7. Calculate the remainder when x is divided by t.
3
Let p = -15 - 8. Let a = 20 - p. What is the remainder when a + (0 - -6)/(-3) is divided by 14?
13
Let q(d) be the third derivative of -d**6/120 - 11*d**5/60 - 2*d**4/3 - 13*d**3/6 - 4*d**2. Calculate the remainder when q(-10) is divided by 16.
15
Let g(n) = -10*n - 8. Let h(f) = -5*f - 4. Let u(l) = 6*g(l) - 13*h(l). What is the remainder when u(2) is divided by 4?
2
Let y(v) = -v + 3. Let o be y(-6). Let h(p) = p**3 - p**2 - 2*p + 1. Let c be h(2). Let f = o + c. Calculate the remainder when 29 is divided by f.
9
Suppose 3*l - 14 = 5*q, 0*l - 3*q = l. Suppose 3*t - 7*t = w - 18, 3*t = -5*w + 39. Calculate the remainder when 10 is divided by 2/((l/w)/1).
2
What is the remainder when 252/2*(-2)/(-4) is divided by 8?
7
Let h(u) = -u**3 + 29*u**2 + 33*u - 72. What is the remainder when 34 is divided by h(30)?
16
Let q be 9/18 - 6/4. Let k = 5 + q. Suppose -4*d + 4*w - 15 = -43, k*d - 5*w - 28 = 0. What is the remainder when 11 is divided by d?
4
Let g = 19 + -9. Suppose 0*p = -5*h + 4*p + 87, -3*p + 44 = 2*h. What is the remainder when h is divided by g?
9
Suppose 20*d = -162 + 1922. What is the remainder when d is divided by 30?
28
Let d(p) = -7*p - 1. Let x be d(1). Let z(v) = v + 19. Calculate the remainder when z(x) is divided by 4.
3
Let i(a) = -2*a - 7 + a + 0. Let r be i(-8). What is the remainder when 3 is divided by 1 + r + -4 + 4?
1
Let q(r) = -r + 1. Let i = -2 + 3. Suppose -3*d = -4*d - i. Calculate the remainder when q(d) is divided by 1.
0
Let m = 7 + -2. Suppose 0 = 4*g + m*c - 73, -3*c = 4*g - 8*c - 63. What is the remainder when g is divided by 10?
7
Let q(u) = 14*u**3 - 2*u + 1. Let h be q(2). Suppose -j + 6*j + f - 106 = 0, 5*j + 4*f = h. What is the remainder when 364/6 + (-1)/(-3) is divided by j?
19
Let k(j) = -j**2 - j + 1. Let v(a) = a**3 - a**2 + 1. Let g(x) = 2*k(x) - v(x). Calculate the remainder when g(-3) is divided by 13.
12
Let k = 7 - -2. What is the remainder when (-2)/((-2)/(-3 + 19)) is divided by k?
7
Suppose u - 34 = -u. Suppose -2*a - l + 22 = 0, -5*l - 42 = -4*a + 2. Let t(d) = 5*d - 6. Calculate the remainder when t(a) is divided by u.
15
Let y(b) = 8*b**2 - 3*b - b**3 + 2*b + 12 + 10*b. Calculate the remainder when ((-12)/(-8))/((-6)/(-136)) is divided by y(9).
10
Let w(d) = -d**3 + 10*d**2 - 8*d + 9. Let k be 6/8 + 877/4. Suppose -k = -4*r - 4*b, 5*r - b - 248 = 3*b. Calculate the remainder when r is divided by w(9).
16
Suppose -10*t - 40 + 190 = 0. What is the remainder when (6/8)/(1/76) is divided by t?
12
Let w(z) = -z - 9. Let c be w(-7). What is the remainder when 28 is divided by 4 + (-4 - c) - -8?
8
Suppose 28 = -v + 34. What is the remainder when 1 + 0 + 0 + 20 is divided by v?
3
Let k(v) be the first derivative of -4*v**4 - 2*v**3/3 - v**2 - v + 5. Calculate the remainder when 3*(1 + 25/3) is divided by k(-1).
13
Suppose z - 4*q = 0, -17 = -3*z - 3*q - 2*q. Calculate the remainder when ((-2)/((-8)/(-2)))/(4/(-88)) is divided by z.
3
Let i(b) = 2*b + 16. What is the remainder when -2 + (-3)/((-3)/67) is divided by i(3)?
21
Let y be (3/5)/(264/(-270) - -1). Let l be (-1*1)/((-2)/(-4)). Let c = y + l. Calculate the remainder when c is divided by 14.
11
Let g(h) = -h**3 - h**2 + 5. Suppose s - 5*b = 25, 15 = 7*s - 2*s - 3*b. Let v be g(s). Calculate the remainder when 34 is divided by (36/15 - 0)*v.
10
Let m(k) = -k**2 - 12*k - 18. Let h = 5 + 0. Calculate the remainder when m(-8) is divided by h.
4
Let p be -2*((-9)/6 + 3). Let d(k) = k**2 - 3*k - 4. What is the remainder when 53 is divided by d(p)?
11
Let a be ((-3)/2)/((-1)/2). Suppose -a*i = 5 - 17. Let h = 1 + 1. What is the remainder when i is divided by h?
0
Let x(h) = 0 + 1 + 6*h**2 - h - 3*h**2 - 2*h**2. Let m be x(2). Suppose 82 = -u + m*u. What is the remainder when u is divided by 14?
13
Let j be (1*-10)/((-4)/22). Suppose 4*r - j - 5 = 0. What is the remainder when 28 is divided by r?
13
Let c(q) = 8*q**3 - 5*q**2 + 4*q - 3. Calculate the remainder when c(2) is divided by 10.
9
What is the remainder when (-3 + 32/6)*3 is divided by 4?
3
Let i be ((-9)/(-12))/(1/4). Suppose -2*a = -8, 0 = 2*x - a - i*a + 10. Let n = x + -1. Calculate the remainder when 3 is divided by n.
1
Let g = 5 + 27. Let s = 20 + -3. Calculate the remainder when g is divided by s.
15
Let x = 8 + -5. Suppose 4*v - 7 = -x. Calculate the remainder when 46 is divided by 26/2 + v - -2.
14
Suppose 2*v = -v + 18. Let n(f) = -f**3 - 7*f**2 - 2*f - 9. What is the remainder when v is divided by n(-7)?
1
Let n(f) = f**3 - 2*f**2 - f + 1. Let h be (-3)/(-9) - (-8)/3. Suppose h*i - 88 + 31 = 0. Calculate the remainder when i is divided by n(3).
5
Let o be 10/(6/3 + -1). Suppose -o = -k - 0*k. Calculate the remainder when 29 is divided by k.
9
Calculate the remainder when (-16)/(-6)*(-57)/(-2) is divided by 26.
24
Suppose -129 + 33 = -4*q. Suppose -4 - q = -4*n. What is the remainder when n is divided by 2?
1
What is the remainder when (-50)/(-4) - (-2)/4 is divided by 7?
6
Calculate the remainder when 33 is divided by (-74)/(-10) - (-4)/(-10).
5
Let g = 1 - 1. Calculate the remainder when 1/(2*2/68) is divided by 6*(-3 + 4) + g.
5
Let n(j) = 3*j - 6. What is the remainder when n(5) is divided by -1*20/(2 + -6)?
4
Let s = 55 + -8. What is the remainder when s is divided by 16?
15
Suppose 5*j + 3*r - 129 = 0, 0*j = 2*j - 2*r - 42. What is the remainder when j is divided by 20?
4
Suppose -1 = -u + 5. What is the remainder when 8 is divided by u?
2
Let j(s) be the second derivative of s**5/20 - 5*s**4/12 + s**3/2 - s**2 - 18*s. Let z = 1 + 4. Calculate the remainder when 23 is divided by j(z).
10
Let s = 122 + -105. Calculate the remainder when 82 is divided by s.
14
Suppose -2*n + 5*n - 30 = 0. Let m = n - 1. Calculate the remainder when 25 is divided by m.
7
Let j = -1 + 3. Let p be ((-5)/(-2))/(1/4). Let f(d) = -d**2 + 9*d + 11. What is the remainder when j is divided by f(p)?
0
What is the remainder when 320/6 - 17/51 is divided by 18?
17
Let o = 19 - 19. Suppose z - 5*v + 2 = 64, o = -4*z - 5*v + 173. What is the remainder when z is divided by 12?
11
Let l = -3 + 7. Suppose 86 = 2*f - l*j, -3*j + 105 - 37 = f. What is the remainder when f is divided by 14?
11
Calculate the remainder when 98 is divided by (-2)/(-5) - 861/(-35).
23
Let y be (-1 - 0) + 4 + -2. What is the remainder when 2/(-5 - y)*-57 is divided by 10?
9
Suppose 4*d - 3*d + 3 = -4*n, -5*d - n = -80. Let g = d + -3. What is the remainder when 40 is divided by g?
12
Let v(d) = -2*d - 1. Let k(f) = -f**3 - 5*f**2 + 2*f + 5. Let z be k(-5). Calculate the remainder when v(z) is divided by 4.
1
Let d(t) = 6*t + 1. Let y be d(-2). Let l = y - -5. Calculate the remainder when (-87)/(-4) - l/24 is divided by 8.
6
Let p = -66 + 113. Suppose 4*g + 5*n = p + 13, -3*n - 32 = -g. Calculate the remainder when g is divided by (